 - 3*j = -4*j + 23, -5*p + 3*j - 45 = 0. Is ((-4358)/p)/(((-70)/(-30))/7) a prime number?
True
Let c(s) = -255560*s - 2681. Is c(-2) a prime number?
True
Suppose -14*v = -10*v + 28. Let b = v - -10. Suppose -2*g - n + b*n = -2304, -4*n = -2*g + 2314. Is g a composite number?
True
Let a(w) = 39*w - 210. Let c be a(5). Is (c/(-20))/((-24)/(-204448)) composite?
False
Suppose b + i - 2 = 0, -3*b + 16 = -b - i. Suppose b*l - 5143 - 6965 = 0. Is l composite?
True
Let f = -69 - -77. Suppose 5980 = -3*b + f*b. Let j = -691 + b. Is j composite?
True
Let o = -1712620 + 2901537. Is o a prime number?
True
Let u = -62814 + 173593. Is u prime?
False
Suppose 42216 = 4*l + 4*a, 40*a - 39*a = -6*l + 63349. Is l a prime number?
True
Suppose -2*f - r = -123737 + 32258, -f - 3*r = -45752. Is f prime?
True
Let u = 340 + -344. Is (-33)/u*5840/60 a composite number?
True
Suppose -20*x + 37 + 123 = 0. Is x/(64/(-11756))*-2 prime?
True
Let a(r) = -r**3 + 101*r**2 - 94*r - 727. Is a(75) composite?
True
Suppose 0 = -a + 4*d + 25, -6*a = -a - d - 220. Suppose 0 = -2*n - 7*n + a. Suppose -4*z + n*y = -12907, -z + 4*z = -5*y + 9654. Is z a prime number?
False
Suppose -5*v - 131577 = v - 9*v. Is v a prime number?
False
Suppose 2*g = -3*g + 25, -4*u = -3*g - 33. Let t(m) = -11 + u*m - 13 - 4 + 38*m. Is t(9) composite?
True
Suppose -50*z + 6019 = -46*z - 5*h, 2*z + 2*h = 3032. Is z a composite number?
False
Let z(p) = p**3 + 10*p**2 + 8*p - 26. Let w be z(-11). Let l = 550 - w. Is l prime?
False
Let l = 852 - 848. Let g(a) = -5 + 0*a + 4*a**3 - a - a - 5*a**2. Is g(l) prime?
True
Let n(w) = 135*w**2 - 4*w + 1. Let m be n(5). Suppose -m = -4*t - 5*y + 43, 5*t - 4259 = 4*y. Is t a composite number?
True
Suppose 38*r = 33*r + 125. Suppose 37944 + 38881 = r*w. Is w a composite number?
True
Suppose -3072*z + 3059*z + 38129 = 0. Is z a prime number?
False
Is (-80673)/2*(-10)/3 a prime number?
False
Suppose 5*d - 3*x = 19148 + 24835, 2*d = -x + 17602. Suppose 30*a - d = 9*a. Is a composite?
False
Suppose 0 = j + 5*s + 40483, 0 = -3*j + s - 2623 - 118826. Let p = -28182 - j. Is p a composite number?
False
Let d = 8523 + -4646. Is d a prime number?
True
Let w = 4337 + -748. Is w a composite number?
True
Let v be -7 - -7292 - (-2 - -1). Suppose -1456 = -s - 3*t + 2*t, -5*s = -t - v. Let r = s + -916. Is r composite?
False
Let f = 57174 + -29497. Is f prime?
False
Let d be (-2)/1 + ((-2)/(-4))/((-99)/(-2376)). Suppose -3*k + 15 = v, -4*k = -5*v - 20 - 0. Suppose v = d*i + 3*i - 11973. Is i composite?
True
Suppose -131*v = -5258223 - 26835598. Is v prime?
False
Let d(k) = 1472*k**3 - 2*k**2 + 3*k - 2. Let w = -12 + 17. Suppose -2*o + 7 = w. Is d(o) prime?
True
Suppose 3391890 + 3521060 = 85*u + 697665. Is u composite?
False
Suppose 121*c = 131*c - 35080. Let x = -1875 + c. Is x prime?
False
Let x(b) = 13563*b + 721. Is x(2) composite?
False
Let a = 9377 + -2050. Is a prime?
False
Let n(d) = -3*d**3 - 5*d**2 + 6*d + 13. Let u(g) = -g - 20. Let c be u(-6). Is n(c) a composite number?
True
Let z be 3/(-2) - (-2 - 35/(-14)). Is z/(-5) - 34938/(-30) a prime number?
False
Let o be 20/30 + (-94)/6. Let j(s) = 15*s - s**2 + 2*s**2 - 51*s - 14. Is j(o) prime?
True
Suppose -258 - 478 = -184*g. Let s(a) = -a - 1. Let j be s(0). Is (j + -757)*(-2 - (-6)/g) prime?
True
Suppose 19872840 = 31*v + 1136533. Is v a prime number?
True
Let y(a) = 9659*a**2 + 65*a - 17. Is y(6) a composite number?
False
Let c = 36 + -36. Suppose 2*s + 0*s - z - 2 = c, 2 = z. Suppose 0*i + 4*i = 2*g - 2362, 4*g - s*i = 4694. Is g a composite number?
False
Let d(a) = -9114*a**3 + 2*a**2 + 2*a - 3. Let b be d(1). Let m = b + 15660. Is m prime?
True
Suppose -12 = -15*m + 11*m. Suppose 4*j + 13 = -5*y, -6*j - m*y = -j. Suppose -2363 = -4*v - j*p, -v = -5*v + 5*p + 2323. Is v a composite number?
False
Suppose 98*l = 94*l - 3*r + 277510, 3*l - 208131 = -2*r. Is l prime?
False
Let l(a) = -98*a**3 + 16*a**2 - 77*a - 35. Is l(-12) a prime number?
False
Suppose -2*j + 287582 = -5*d, -3*j - 287577 = -3*d + 8*d. Is 5 + d/(-28) + 2/(-14) a prime number?
False
Suppose -57*a = 6042942 - 24183705. Is a prime?
True
Let g = -56519 - -206862. Is g a composite number?
False
Let b = 651109 - -89014. Is b composite?
False
Let n(v) = -342*v - 101. Let q be n(15). Let t = -2734 - q. Is t a prime number?
False
Let n = 18985 - -17844. Is n composite?
True
Suppose 375*f = 356*f + 2054261. Is f prime?
False
Let o(i) = 43*i**3 + 7*i**2 - 137*i + 2071. Is o(18) a prime number?
False
Let q = 125755 - 66275. Is 18/42 - (q/(-14) - 0) a composite number?
True
Suppose -8*n + 18257 + 36183 = 0. Is n composite?
True
Suppose -60 + 50 = -2*h. Suppose -516 + 71 = -h*f. Is f a prime number?
True
Let r(t) = 3376*t - 293. Let y(f) = 1687*f - 147. Let j(z) = -3*r(z) + 7*y(z). Is j(7) composite?
False
Suppose 0 = -3*k - 2*u + 829, 2*k + u = 7*k - 1360. Let c(p) = k + 624 - 110 - p. Is c(0) a prime number?
True
Let l = 32 - 16. Suppose l*q = 18*q + 5*a - 27074, 0 = 5*a. Is q a prime number?
True
Suppose -5*a = 5*u + 4 + 21, 5*u = -a - 13. Let i(d) = -325*d - 7. Let f be i(u). Suppose 3*p - 4*k - f = 0, -3*p - 2*p - 2*k + 1115 = 0. Is p a prime number?
False
Is ((-6)/(-2) + (-1594776)/(-36))/(11/33) prime?
False
Let i be (4/(-5))/((-6)/17565). Suppose 5*h - i = -4*o, o = 5*h - 3*h - 929. Let m = h - 243. Is m a prime number?
True
Suppose 5*z - 4*l + 298 = -329, -2*z - 5*l = 264. Let v = z - -338. Is v prime?
True
Let j(w) = -w**3 - w**2 + w + 1. Let r be j(-1). Let g be r/(2 - 4) - -3. Suppose g*q = z + 1042, -2*q - 2*q = 5*z - 1364. Is q prime?
False
Suppose -2*y = 6*r - 208740, -2*r + 5*y - 9*y + 69590 = 0. Is r prime?
False
Let u(r) = r**3 + 2*r**2 + 6*r - 2. Suppose 18 = -18*c + 21*c. Suppose m + 2 = c. Is u(m) a composite number?
True
Suppose i = 3*v - i + 8, 5*v + 4*i + 28 = 0. Let y be 60/v*(-1)/3. Suppose -y*h = -1562 - 1333. Is h a composite number?
True
Suppose 0 = 10*d - 3 - 27. Suppose -3*p + d*c = -5829, -10*p = -5*p + 3*c - 9683. Is p prime?
False
Let b be -4 - 15*1/(-6)*4. Suppose 3791 + 2155 = b*c. Is c a composite number?
False
Suppose 3*r - 90*g - 2165499 = -93*g, 5*g = -r + 721801. Is r a prime number?
False
Let x(v) = -74*v**3 - 12*v**2 - 34*v - 7. Is x(-4) a prime number?
True
Suppose -3*q + 315 - 309 = 0. Suppose 2*n + 29938 = q*a, -2*n = 7*a - 10*a + 44907. Is a a composite number?
False
Let u(t) = 667*t + 645*t + 16 + 24 - 9. Is u(3) composite?
False
Suppose 3*k + 3*p - 581700 = 6*p, 3*k - 581706 = 5*p. Is k a composite number?
True
Suppose h + 2*v - 4597 = 0, -v - 9224 = -2*h - 0*h. Is h prime?
False
Suppose -44*m + 318031 = 29489 - 258774. Is m prime?
False
Suppose 0 = 14*x - 11*x + 3888. Let z = -481 - x. Is z a composite number?
True
Suppose 0 = u + o + o - 13, -34 = -2*u + 4*o. Suppose -4*c + u = 11. Is c/(1/(-1)) + 751 + 1 prime?
True
Let q(p) = 706*p - 101. Let a = 176 - 164. Is q(a) a prime number?
False
Suppose 4*r = r + 24. Let i be (-426132)/(-90) + (-2)/(-10). Suppose -i = -r*q - 215. Is q a composite number?
True
Suppose -3*n + 3*k + 485613 = -5031, 2*n = 4*k + 327106. Is n composite?
False
Let d(h) be the second derivative of -97*h**3/3 + 3*h**2/2 + 6*h + 9. Is d(-2) a prime number?
False
Suppose 5309433 = 7*f + 2*j, -5*f - 3*j = -1153896 - 2638553. Is f a prime number?
True
Suppose 0*n - 6*n = -9648. Let c = 99 + n. Suppose -u + c = -0*u. Is u composite?
True
Let q = 1091557 + -768224. Is q a composite number?
False
Suppose -310*j = -5*i - 309*j + 442141, 3*j = 4*i - 353704. Is i composite?
True
Is -4 + (221/(-17))/((-2)/45382) prime?
True
Let i(p) = p**3 + 5*p**2 + 3*p. Suppose -40 = 2*u + 8*u. Let s be i(u). Suppose 4*a + 2*f = 1328, 0 = -s*a - 0*f - f + 1326. Is a a prime number?
True
Let p = 47270 + -11959. Is p a prime number?
True
Suppose -325261 = -4*w + 3*y - 6*y, -3*w = 2*y - 243947. Is w prime?
False
Let s = 3548178 + 777079. Is s prime?
True
Let f = -63 + -160. Let p(w) = 69*w + 3. Let z be p(7). Let t = z + f. Is t composite?
False
Suppose -12*k + 22826 = -8122. Suppose 0 = -4*a - 12, 2*h - k - 2151 = 2*a. Is h a prime number?
False
Let p be 2*106/4*1*124. Let c = p - 805. Is c composite?
True
Let t(k) = 47*k**2 - 5*k - 3. Let b be (-2)/(-4) + 70/20. Suppose -4*l + 3*q = 25, b*q - q = -2*l + 1. Is t(l) prime?
True
Le